rs of 1095936975?
3, 5, 7, 127, 5479
List the prime factors of 133102521.
3, 547747
What are the prime factors of 62101621?
62101621
What are the prime factors of 855743153?
17231, 49663
What are the prime factors of 61313309?
61313309
What are the prime factors of 342879267?
3, 29, 59, 67, 997
What are the prime factors of 4908567875?
5, 39268543
What are the prime factors of 2618408664?
2, 3, 137, 265451
What are the prime factors of 952553891?
457, 1049, 1987
List the prime factors of 861345147.
3, 13, 23, 960251
List the prime factors of 488649032.
2, 31, 1970359
What are the prime factors of 2780370118?
2, 61, 347, 65677
What are the prime factors of 3897932996?
2, 79, 101, 122131
List the prime factors of 9225506671.
17, 13859, 39157
What are the prime factors of 1516947554?
2, 758473777
List the prime factors of 407118856.
2, 17, 2993521
What are the prime factors of 2368674481?
17, 23, 6057991
List the prime factors of 150620254.
2, 75310127
What are the prime factors of 361180779?
3, 43, 89, 163, 193
What are the prime factors of 225531831?
3, 7, 10739611
List the prime factors of 9971690.
2, 5, 17, 58657
What are the prime factors of 6520572649?
17, 73, 661, 7949
What are the prime factors of 60846055?
5, 83, 146617
What are the prime factors of 259982895?
3, 5, 31, 409, 1367
List the prime factors of 53432661.
3, 83, 214589
What are the prime factors of 56863237?
347, 163871
List the prime factors of 761712342.
2, 3, 126952057
What are the prime factors of 43782197?
1789, 24473
What are the prime factors of 301719793?
37, 313, 26053
List the prime factors of 148384733.
7, 1511, 14029
What are the prime factors of 60552265?
5, 2411, 5023
List the prime factors of 486018061.
486018061
What are the prime factors of 1060427075?
5, 23, 31, 41, 1451
List the prime factors of 54160869.
3, 7, 1019, 2531
What are the prime factors of 204022351?
13, 23, 353, 1933
List the prime factors of 405702445.
5, 379, 214091
List the prime factors of 289339792.
2, 7, 2583391
List the prime factors of 271303834.
2, 47, 109, 26479
What are the prime factors of 297551259?
3, 137, 257, 313
What are the prime factors of 3466727?
11, 113, 2789
List the prime factors of 31640683.
67, 472249
What are the prime factors of 176249895?
3, 5, 11749993
What are the prime factors of 496028303?
31, 113, 141601
List the prime factors of 136288674.
2, 3, 41, 151, 1223
What are the prime factors of 591730463?
591730463
What are the prime factors of 353097068?
2, 31, 37, 76961
List the prime factors of 33840263.
33840263
List the prime factors of 468426718.
2, 293, 799363
What are the prime factors of 501731831?
501731831
List the prime factors of 116876660.
2, 5, 53, 110261
What are the prime factors of 828070664?
2, 59, 1754387
List the prime factors of 2572850234.
2, 227, 5667071
List the prime factors of 91527132.
2, 3, 29, 263009
What are the prime factors of 52545523?
52545523
What are the prime factors of 4607724680?
2, 5, 13, 31, 285839
What are the prime factors of 322857624?
2, 3, 23, 487, 1201
What are the prime factors of 4939855431?
3, 7, 235231211
What are the prime factors of 69638730?
2, 3, 5, 7, 331613
List the prime factors of 386689924.
2, 96672481
List the prime factors of 31899886.
2, 41, 389023
What are the prime factors of 439235523?
3, 233, 209459
What are the prime factors of 2628803653?
7, 17, 19, 23, 50551
What are the prime factors of 260993602?
2, 130496801
What are the prime factors of 15047900?
2, 5, 7, 37, 83
What are the prime factors of 34368914?
2, 17184457
List the prime factors of 334867068.
2, 3, 3100621
List the prime factors of 619973640.
2, 3, 5, 11, 13, 12043
What are the prime factors of 1149173193?
3, 7, 31, 1153, 1531
List the prime factors of 469772627.
151, 3111077
What are the prime factors of 88070399?
88070399
List the prime factors of 4037524438.
2, 23917, 84407
List the prime factors of 810904147.
810904147
What are the prime factors of 133859790?
2, 3, 5, 59, 2801
What are the prime factors of 20427327?
3, 97, 23399
List the prime factors of 39900792.
2, 3, 257, 6469
List the prime factors of 4241897928.
2, 3, 2333, 25253
List the prime factors of 84532122.
2, 3, 4696229
List the prime factors of 78514997.
11, 2287, 3121
List the prime factors of 642145054.
2, 103, 3117209
What are the prime factors of 176874993?
3, 19652777
What are the prime factors of 37311975?
3, 5, 167, 331
What are the prime factors of 9102879?
3, 1011431
List the prime factors of 11211743.
509, 22027
List the prime factors of 39972731.
39972731
What are the prime factors of 167975134?
2, 29, 2896123
What are the prime factors of 48194791?
601, 80191
What are the prime factors of 2250228895?
5, 1597, 281807
What are the prime factors of 432271831?
19, 47, 484067
What are the prime factors of 137055291?
3, 45685097
List the prime factors of 1135727000.
2, 5, 29, 39163
What are the prime factors of 653570878?
2, 53, 6165763
List the prime factors of 178812227.
11, 1477787
What are the prime factors of 78879990?
2, 3, 5, 7, 101, 3719
What are the prime factors of 253895797?
31, 8190187
List the prime factors of 70230709.
59, 577, 2063
List the prime factors of 3893174672.
2, 23, 643, 16453
List the prime factors of 106993490.
2, 5, 461, 23209
What are the prime factors of 272511309?
3, 7, 17, 131, 5827
What are the prime factors of 122571917?
13, 109, 86501
List the prime factors of 15603341.
13, 137, 8761
List the prime factors of 16233463.
16233463
What are the prime factors of 891354409?
11, 6547, 12377
List the prime factors of 62345008.
2, 11, 32203
List the prime factors of 1408034565.
3, 5, 7, 4469951
What are the prime factors of 94083237?
3, 47, 222419
List the prime factors of 401415749.
7, 57345107
What are the prime factors of 385791661?
1543, 250027
What are the prime factors of 25191336?
2, 3, 1049639
What are the prime factors of 262296439?
23, 89, 97, 1321
What are the prime factors of 88951996?
2, 7, 19, 37, 4519
What are the prime factors of 404799071?
404799071
List the prime factors of 277146486.
2, 3, 3529, 4363
List the prime factors of 116658065.
5, 157, 148609
List the prime factors of 2363506.
2, 61, 19373
List the prime factors of 72023051.
23, 3131437
What are the prime factors of 2646762911?
13, 619, 25301
List the prime factors of 7772601465.
3, 5, 172724477
List the prime factors of 2109816174.
2, 3, 23, 15288523
What are the prime factors of 221583515?
5, 43, 199, 5179
List the prime factors of 1430632474.
2, 19, 37648223
What are the prime factors of 49800099?
3, 79, 210127
What are the prime factors of 1486363992?
2, 3, 17, 214297
List the prime factors of 639333855.
3, 5, 29, 489911
List the prime factors of 35161584.
2, 3, 732533
What are the prime factors of 450056804?
2, 112514201
List the prime factors of 1283152013.
11, 13, 179, 50129
What are the prime factors of 416705831?
10597, 39323
List the prime factors of 472659001.
21149, 22349
List the prime factors of 24768652.
2, 6192163
What are the prime factors of 481669898?
2, 229, 619, 1699
List the prime factors of 16868347.
47, 358901
What are the prime factors of 553762153?
7, 401, 197279
List the prime factors of 479954023.
6547, 73309
List the prime factors of 48011574.
2, 3, 13, 41, 15013
What are the prime factors of 4187661?
3, 17, 157, 523
List the prime factors of 137564773.
137564773
List the prime factors of 2063377807.
2063377807
List the prime factors of 446246727.
3, 709, 209801
List the prime factors of 40726331.
101, 269, 1499
What are the prime factors of 125253193?
13, 23, 509, 823
What are the prime factors of 4152516099?
3, 5009, 276337
List the prime factors of 558080403.
3, 17, 10942753
List the prime factors of 239336334.
2, 3, 13296463
List the prime factors of 16821182.
2, 7, 1201513
What are the prime factors of 58534357?
7, 659, 12689
List the prime factors of 180305695.
5, 659, 54721
List the prime factors of 2302192617.
3, 12239, 62701
List the prime factors of 112920107.
43, 2626049
What are the prime factors of 378055280?
2, 5, 4725691
What are the prime factors of 40795968?
2, 3, 212479
List the prime factors of 1916937945.
3, 5, 13, 3276817
List the prime factors of 9301435.
5, 11, 13, 13009
What are the prime factors of 555